?
3
What is the units digit of 214?
4
What is the hundreds digit of 52830?
8
What is the hundreds digit of 955?
9
What is the tens digit of 1116?
1
What is the hundreds digit of 1407?
4
What is the tens digit of 18106?
0
What is the units digit of 10500?
0
What is the units digit of 933?
3
What is the hundreds digit of 6684?
6
What is the hundreds digit of 150184?
1
What is the hundreds digit of 2182?
1
What is the hundreds digit of 501?
5
What is the units digit of 502?
2
What is the tens digit of 153598?
9
What is the thousands digit of 7871?
7
What is the thousands digit of 5161?
5
What is the hundreds digit of 15849?
8
What is the hundreds digit of 77243?
2
What is the hundreds digit of 52347?
3
What is the units digit of 1557?
7
What is the tens digit of 2710?
1
What is the thousands digit of 5831?
5
What is the units digit of 67439?
9
What is the tens digit of 335?
3
What is the hundreds digit of 110861?
8
What is the tens digit of 734?
3
What is the tens digit of 1298?
9
What is the units digit of 2368?
8
What is the units digit of 8908?
8
What is the units digit of 82076?
6
What is the units digit of 95?
5
What is the tens digit of 1662?
6
What is the hundreds digit of 790?
7
What is the units digit of 1342?
2
What is the thousands digit of 2419?
2
What is the units digit of 5259?
9
What is the units digit of 576?
6
What is the units digit of 6003?
3
What is the hundreds digit of 5787?
7
What is the hundreds digit of 1031?
0
What is the tens digit of 421?
2
What is the hundreds digit of 3217?
2
What is the thousands digit of 6879?
6
What is the units digit of 66?
6
What is the thousands digit of 43289?
3
What is the units digit of 1302?
2
What is the hundreds digit of 9073?
0
What is the units digit of 1941?
1
What is the hundreds digit of 2479?
4
What is the tens digit of 375?
7
What is the tens digit of 23467?
6
What is the thousands digit of 21655?
1
What is the units digit of 14293?
3
What is the thousands digit of 5059?
5
What is the hundreds digit of 1432?
4
What is the units digit of 8176?
6
What is the thousands digit of 6747?
6
What is the units digit of 259?
9
What is the units digit of 61357?
7
What is the units digit of 2781?
1
What is the hundreds digit of 241?
2
What is the thousands digit of 17331?
7
What is the hundreds digit of 24694?
6
What is the tens digit of 111063?
6
What is the hundreds digit of 16147?
1
What is the tens digit of 9853?
5
What is the units digit of 14102?
2
What is the tens digit of 950?
5
What is the tens digit of 6381?
8
What is the tens digit of 3943?
4
What is the thousands digit of 11964?
1
What is the thousands digit of 1263?
1
What is the hundreds digit of 60220?
2
What is the ten thousands digit of 20237?
2
What is the hundreds digit of 11181?
1
What is the units digit of 1193?
3
What is the units digit of 6466?
6
What is the hundreds digit of 47836?
8
What is the tens digit of 87?
8
What is the tens digit of 20233?
3
What is the units digit of 67876?
6
What is the thousands digit of 14057?
4
What is the units digit of 2705?
5
What is the ten thousands digit of 36281?
3
What is the hundreds digit of 562?
5
What is the tens digit of 34532?
3
What is the hundreds digit of 3809?
8
What is the hundreds digit of 2028?
0
What is the tens digit of 4714?
1
What is the units digit of 1443?
3
What is the units digit of 59363?
3
What is the thousands digit of 1045?
1
What is the ten thousands digit of 61502?
6
What is the units digit of 1108?
8
What is the ten thousands digit of 38186?
3
What is the hundreds digit of 979?
9
What is the hundreds digit of 1213?
2
What is the units digit of 7015?
5
What is the thousands digit of 74277?
4
What is the units digit of 2432?
2
What is the tens digit of 374?
7
What is the thousands digit of 6207?
6
What is the thousands digit of 23216?
3
What is the units digit of 18905?
5
What is the tens digit of 1163?
6
What is the ten thousands digit of 33229?
3
What is the tens digit of 337?
3
What is the hundreds digit of 32803?
8
What is the units digit of 39135?
5
What is the hundreds digit of 2942?
9
What is the ten thousands digit of 142269?
4
What is the tens digit of 9032?
3
What is the tens digit of 44163?
6
What is the units digit of 10102?
2
What is the hundreds digit of 2240?
2
What is the units digit of 1015?
5
What is the units digit of 2352?
2
What is the tens digit of 162?
6
What is the thousands digit of 3002?
3
What is the tens digit of 566?
6
What is the hundreds digit of 4179?
1
What is the hundreds digit of 2719?
7
What is the thousands digit of 14452?
4
What is the hundreds digit of 332?
3
What is the hundreds digit of 630?
6
What is the hundreds digit of 801?
8
What is the tens digit of 13750?
5
What is the hundreds digit of 998?
9
What is the ten thousands digit of 80239?
8
What is the tens digit of 9904?
0
What is the units digit of 7285?
5
What is the thousands digit of 4391?
4
What is the hundreds digit of 87670?
6
What is the hundreds digit of 701?
7
What is the units digit of 3105?
5
What is the units digit of 18203?
3
What is the hundreds digit of 5530?
5
What is the units digit of 4487?
7
What is the tens digit of 7507?
0
What is the thousands digit of 2668?
2
What is the units digit of 39251?
1
What is the tens digit of 138257?
5
What is the tens digit of 30392?
9
What is the hundreds digit of 675?
6
What is the thousands digit of 9869?
9
What is the thousands digit of 20131?
0
What is the units digit of 3894?
4
What is the units digit of 86162?
2
What is the hundreds digit of 1329?
3
What is the hundreds digit of 6490?
4
What is the tens digit of 16515?
1
What is the tens digit of 4038?
3
What is the thousands digit of 10388?
0
What is the tens digit of 67134?
3
What is the thousands digit of 12128?
2
What is the tens digit of 470?
7
What is the hundreds digit of 1095?
0
What is the units digit of 324?
4
What is the tens digit of 9519?
1
What is the units digit of 177?
7
What is the tens digit of 692?
9
What is the ten thousands digit of 20274?
2
What is the units digit of 336?
6
What is the thousands digit of 2258?
2
What is the thousands digit of 4374?
4
What is the hundreds digit of 9581?
5
What is the tens digit of 87992?
9
What is the tens digit of 493?
9
What is the thousands digit of 1992?
1
What is the units digit of 1910?
0
What is the tens digit of 389?
8
What is the tens digit of 6453?
5
What is the tens digit of 877?
7
What is the hundreds digit of 796?
7
What is the thousands digit of 22056?
2
What is the units digit of 190008?
8
What is the units digit of 52884?
4
What is the units digit of 40886?
6
What is the ten thousands digit of 96419?
9
What is the thousands digit of 8026?
8
What is the tens digit of 537?
3
What is the hundreds digit of 3131?
1
What is the thousands digit of 206490?
6
What is the tens digit of 384?
8
What is the units digit of 6708?
8
What is the tens digit of 371?
7
What is the thousands digit of 67851?
7
What is the hundreds digit of 8443?
4
What is the thousands digit of 15004?
5
What is the units digit of 597?
7
What is the thousands digit of 12359?
2
What is the thousands digit of 2623?
2
What is the tens digit of 5365?
6
What is the tens digit of 4404?
0
What is the units digit of 980?
0
What is the hundreds digit of 4093?
0
What is the units digit of 49011?
1
What is the tens digit of 9806?
0
What is the tens digit of 327?
2
What is the hundreds digit of 948?
9
What is the hundreds digit of 5403?
4
What is the tens digit of 4846?
4
What is the units digit of 19624?
4
What is the units digit of 1040?
0
What is the units digit of 590?
0
What is the units digit of 7545?
5
What is the units digit of 71826?
6
What is the thousands digit of 8687?
8
What is the tens digit of 6687?
8
What is the units digit of 470?
0
What is the hundreds digit of 4335?
3
What is the tens digit of 290?
9
What is the ten thousands digit of 77261?
7
What is the hundreds digit of 5185?
1
What is the tens digit of 12839?
3
What is the thousands digit of 1177?
1
What is the units digit of 3218?
8
What is the tens digit of 103?
0
What is the hundreds digit of 1575?
5
What is the units digit of 4817?
7
What is the hundreds digit of 58708?
7
What is the units digit of 18692?
2
What is the tens digit of 1951?
5
What is the th